ppose 12*c + 752 = 8*c. Let s = c - -343. List the prime factors of s.
5, 31
Let i be (-1795)/20 + (-1)/4. Let z = -126 - i. Let l = z - -81. List the prime factors of l.
3, 5
Suppose 2*k + 5*g - 2533 = 0, -4*k - 3*g + 4*g = -5099. What are the prime factors of k?
2, 7, 13
Let n(a) be the second derivative of -3*a**5/20 - 7*a**4/12 - 7*a**3/6 - 10*a**2 - 59*a. List the prime factors of n(-5).
5, 43
List the prime factors of 4 + (-6 - (-1 + -605)).
2, 151
Suppose 89*y - 313288 - 28828 = 0. List the prime factors of y.
2, 31
Let o(w) = 260*w**3 + 2*w**2 - 2*w + 1. Let m be o(1). Let h = m - 103. List the prime factors of h.
2, 79
Suppose p - 34 = -16*p. Suppose p*s - 165 = x - 4*x, -5*s + 42 = x. What are the prime factors of x?
3, 19
Let y(z) be the first derivative of z**4/4 + z**2/2 + 44*z + 1. Suppose 0 = 5*x - x. List the prime factors of y(x).
2, 11
What are the prime factors of (-148)/259 - (-77828)/28?
7, 397
Let i(a) = -195*a**2 + 1. Let b be i(-1). Let o = -3 - b. What are the prime factors of o?
191
Let k be -3 + (5 - -3) + 86. Suppose 0 = y + 2*r - 32, -2*r - 29 - 15 = -y. Suppose -h + k = 3*n, 3*n + 5*h - y - 57 = 0. What are the prime factors of n?
2, 3, 5
Suppose -36*c + 8965 = -25487. List the prime factors of c.
3, 11, 29
Let n(u) = 3*u**3 - 6*u**2 - 21*u + 18. List the prime factors of n(6).
2, 3
Suppose -13 = -2*p + 11. Suppose 3*a = -0 + p. Suppose 5*x - a*t = 40, -4*x + 43 = 2*t - 15. What are the prime factors of x?
2, 3
Let t(k) = -24*k - 81. What are the prime factors of t(-14)?
3, 5, 17
Let r(h) = -h**3 + 6*h**2 + 7*h - 2. Let w be r(-4). Suppose -15*j + w = -2*j. What are the prime factors of j?
2, 5
Let z = 13 - -53. Suppose 0 = -0*n - 3*n - 2*o + 61, -4*n + 5*o + z = 0. What are the prime factors of n?
19
What are the prime factors of (-6)/2*496/36*-3?
2, 31
What are the prime factors of 15*(-2 + ((-6160)/25)/(-7))?
2, 3, 83
Let h(n) = -7*n - 1. Let t be h(0). List the prime factors of ((-92)/6)/((-4)/42) + t.
2, 5
Let w = 1992 + 1642. What are the prime factors of w?
2, 23, 79
Suppose -2838 = -3*z + x, 3779 = 4*z + 3*x + 8. List the prime factors of z.
3, 5, 7
Let z(a) = 4*a**2 - 4*a - 3. Let p be z(-1). Suppose p*l - 211 = 384. What are the prime factors of l?
7, 17
Let c = -751 - -1530. What are the prime factors of c?
19, 41
Suppose 71*j = 68*j + 1134. What are the prime factors of j?
2, 3, 7
Let p = -47 + 78. Let z = -26 - -34. Let o = p - z. What are the prime factors of o?
23
Let y be 4/(-26) + 3065/65. Let l = 190 - y. Suppose 5*x - l = -23. What are the prime factors of x?
2, 3
Let j(w) = -10*w + 74. List the prime factors of j(-8).
2, 7, 11
Let t(u) = 374*u**2 + 2*u + 7. List the prime factors of t(-2).
1499
Let z(l) be the first derivative of -l**3/3 + 13*l**2/2 - 9*l - 3. List the prime factors of z(12).
3
Let y = 951 + -407. What are the prime factors of y?
2, 17
Let q be (-10)/(-75)*5*-54. Let v = q + 88. List the prime factors of v.
2, 13
Let q(b) = -2*b - 12. Let l be q(-6). Suppose l = -14*w + 13*w + 3. Suppose -2*t = w*n - 35, -4*t = -n + 30 - 9. What are the prime factors of n?
13
Let s(o) = -o**2 - 17*o - 3. Suppose 14 = 4*r + 42. What are the prime factors of s(r)?
67
Let t(z) = -20*z + 23. Suppose -3*h + 4*h + 10 = 0. Let w be t(h). Suppose -5*r - 211 = -3*n, -w + 24 = -3*n - r. List the prime factors of n.
67
Let w(s) = -4 + 1 - 2*s + 2*s**2 + 1. Let d(o) = 6*o + 60. Let q be d(-9). What are the prime factors of w(q)?
2, 29
Let t(i) be the first derivative of -3*i**2/2 + i + 2. Let n be t(4). What are the prime factors of (3 - 2)/(-1)*n?
11
Let t = 106 + -103. Suppose 288 = 4*q + k, -2*k + t*k - 4 = 0. List the prime factors of q.
71
Suppose g = 421 + 1520. What are the prime factors of g?
3, 647
List the prime factors of (243/36)/((-3)/(-152)).
2, 3, 19
Suppose -3*p = 12, 3*p + 92 = -q - p. Let u = q - -128. What are the prime factors of u?
2, 13
Let q(x) = -x**3 + x - 4. Let g be q(2). Let r(a) = 2*a**2 + 6*a + 18. What are the prime factors of r(g)?
2, 79
Let b = -791 + 544. Let k = b - -418. What are the prime factors of k?
3, 19
Let v(j) = -6*j - 2 + 14*j - 7*j. Suppose 4*b - 7*b + 21 = 0. List the prime factors of v(b).
5
Suppose -r = -384 - 1582. List the prime factors of r.
2, 983
List the prime factors of ((-10)/(-25))/((-4)/(-1080)).
2, 3
Suppose 0*r = -4*r - 5052. Let z be r/6 - (-6)/(-4). List the prime factors of 1 - 1*z/4.
2, 3
Let z = -502 + 712. List the prime factors of z.
2, 3, 5, 7
Let y = 125 + -15. Suppose c + 4*x = 81, -87 = -2*c - x + y. What are the prime factors of c?
101
Let j(i) = i**3 - 23*i**2 - 33*i - 15. List the prime factors of j(26).
3, 5, 7, 11
Suppose 0 = -2*s - 3*s + 830. Suppose 4*f - 159 = -3*y, 54 = -3*f + 5*y + s. Suppose -f = -4*d + d. What are the prime factors of d?
13
Let t(r) = 2*r**3 - r**2 - 76*r - 13. List the prime factors of t(10).
7, 23
Suppose -3*c = -2*c - 2*r - 2304, -3*r + 4601 = 2*c. List the prime factors of c.
2, 1151
Suppose 5*t - 2 = 3*i + 3, -3*i + 4*t = 1. Suppose j + j - 3*g = -19, -g - 5 = i*j. List the prime factors of j*2 - (-2 + -51).
7
Suppose -12*r = -11*r - 710. List the prime factors of r.
2, 5, 71
Let l = -14 + 25. Let f(k) be the third derivative of k**6/120 - k**5/5 + 7*k**4/12 + k**3/3 - 55*k**2. List the prime factors of f(l).
5, 7
Let g = 265 - 380. Let r = 218 + g. What are the prime factors of r?
103
Let p = -4768 + 7030. List the prime factors of p.
2, 3, 13, 29
Suppose -3*k - 3*r = -4389, 2*k - 5*r - 607 = 2305. List the prime factors of k.
3, 487
What are the prime factors of (-2 + (-254)/(-10))/((-6)/(-30))?
3, 13
Suppose -64*h - 1950 = -70*h. What are the prime factors of h?
5, 13
Let j = -713 - -1007. Suppose 3*x = 2*g + 2*g - j, 5*x + 226 = 3*g. List the prime factors of g.
2, 3
Let h(z) = -19*z + 1. Let c = -25 + 27. Let s be c*-2 + -9 + 12. What are the prime factors of h(s)?
2, 5
Let d be (12/(-8))/((-3)/8). Suppose d*s + 112 = 6*s. List the prime factors of s.
2, 7
Suppose 0 = -5*v - 4*q + 42, 4*q = 7*v - 4*v - 6. Suppose -712 = -2*b - v*b. What are the prime factors of b?
89
Let a = -133 + 67. Let m = a + 106. Suppose v = -v + m. List the prime factors of v.
2, 5
Let y = -17 - -21. List the prime factors of 90/y + (-9)/(-6).
2, 3
Let w be -48 + 1 + (-11 - -9). What are the prime factors of (-1)/(-7) - 3325/w?
2, 17
Let g(s) be the second derivative of -s**5/20 - s**4/6 + 2*s**3/3 - 2*s**2 - 7*s. List the prime factors of g(-4).
2, 3
Let p(z) be the third derivative of 1/24*z**4 + 0*z + 17/6*z**3 + 0 + 11*z**2. List the prime factors of p(-5).
2, 3
Let b = 4 - -524. List the prime factors of b.
2, 3, 11
Let z be (-2)/3*18/(-1). Suppose -2*w + 5*k + 25 = 0, 0 = -3*k + 3 - z. Suppose -w*y = -4*y - 43. List the prime factors of y.
43
Suppose 0 = -6*k + 10 + 8. Suppose 3*n + 8*i - k*i = 6, -i = 3*n - 18. Let x = n - -16. What are the prime factors of x?
23
Let s = 5685 - 2657. What are the prime factors of s?
2, 757
What are the prime factors of (((-170)/8)/5)/(3/(-708))?
17, 59
Let k(j) = j**3 - 12*j**2 + 8*j + 4. Let h be k(12). Let d = h + -55. List the prime factors of d.
3, 5
Suppose 2*w = 3*p + 166, 4*w + 4*p = 3*w + 61. What are the prime factors of w?
7, 11
Suppose 3615 + 4805 = 20*n. What are the prime factors of n?
421
Let x be (-190)/2*28/70. Let c = -78 - x. Let o = -18 - c. What are the prime factors of o?
2, 11
Suppose 13*b - 7305 + 2157 = 0. What are the prime factors of b?
2, 3, 11
Let m = 4 - 9. Let g be m/1*(5 - -2). List the prime factors of -3 - g - (-4)/(-2).
2, 3, 5
Let j(q) = -4*q - 3*q + q + 7*q + 47*q**2. Let s be j(1). Suppose 2*g - 4*g + s = 0. What are the prime factors of g?
2, 3
Let i(r) = 98*r - 187. What are the prime factors of i(36)?
13, 257
Let r(v) = 66*v**2 - 8*v - 14. Suppose -o - 8 = 2*i, -o = 3*o + 16. List the prime factors of r(i).
2, 7, 19
Let l(w) = -2*w**3 + 6*w**2 - w - 19. What are the prime factors of l(-7)?
2, 11
Let v = 1689 + -1049. List the prime factors of v.
2, 5
Let g(d) be the third derivative of d**5/60 - d**4/24 + 5*d**3/3 - 2*d**2. List the prime factors of g(5).
2, 3, 5
Suppose 15*d - 11424 - 4056 = 0. List the prime factors of d.
2, 3, 43
Suppose 4*r - 6090 = -2*r. What are the prime factors of r?
5, 7, 29
Let a = -161 + 300. List the prime fact